{"id":1641,"date":"2016-03-18T23:14:35","date_gmt":"2016-03-19T04:14:35","guid":{"rendered":"https:\/\/techdesign.com.ec\/techw\/?page_id=1641"},"modified":"2016-03-18T23:18:09","modified_gmt":"2016-03-19T04:18:09","slug":"blog-foros","status":"publish","type":"page","link":"https:\/\/techdesign.com.ec\/techw\/blog-foros\/","title":{"rendered":"BLOG FOROS"},"content":{"rendered":"<h2><strong>Qu\u00e9 es Automatizaci\u00f3n Industrial<\/strong><\/h2>\n<p>La Automatizaci\u00f3n Industrial es la aplicaci\u00f3n de sistemas o elementos computarizados y electromec\u00e1nicos para controlar y monitorear un proceso, maquina o dispositivo que por lo regular cumple funciones o tareas repetitivas, haciendo que opere autom\u00e1ticamente, reduciendo al m\u00ednimo la intervenci\u00f3n humana.<\/p>\n<p>Lo que se busca con la Automatizaci\u00f3n industrial es generar la mayor cantidad de producto, en el menor tiempo posible, con el fin de reducir los costos y garantizar una uniformidad en la calidad. Tambi\u00e9n se podr\u00e1n obtener datos del proceso en forma autom\u00e1tica&#8230;. <a href=\"https:\/\/techdesign.com.ec\/techw\/que-es-automatizacion-industrial\/\">VER MAS<\/a><\/p>\n<h2><strong>\u00bfC\u00f3mo Pueden los ingenieros solucionar problemas mec\u00e1nicos junto a controles electr\u00f3nicos en estos d\u00edas?<\/strong><\/h2>\n<p><em><strong><strong><em><a href=\"https:\/\/techdesign.com.ec\/techw\/nx-mechatronics-concept-designer\/\">NX Mechatronics Concept Designer<\/a><\/em><\/strong>\u00a0 <\/strong><\/em>(Concepto de Dise\u00f1o <strong>Mecatr\u00f3nico<\/strong> en espa\u00f1ol) es una herramienta de simulaci\u00f3n de <em><strong>SIEMENS PLM<\/strong><\/em> que re\u00fane caracter\u00edsticas mec\u00e1nicas, electr\u00f3nicas y de control. <em><strong>MCD<\/strong><\/em> es una soluci\u00f3n nueva y fresca para el dise\u00f1o industrial de m\u00e1quinas y herramientas acerc\u00e1ndose a la realidad de procesos.<\/p>\n<p><a href=\"https:\/\/techdesign.com.ec\/techw\/wp-content\/uploads\/2016\/02\/brazo-robot-GSK-con-prensa-y-gripper.png\"><img loading=\"lazy\" decoding=\"async\" class=\"alignnone size-full wp-image-1263 img-responsive\" src=\"https:\/\/techdesign.com.ec\/techw\/wp-content\/uploads\/2016\/02\/brazo-robot-GSK-con-prensa-y-gripper.png\" alt=\"brazo robot GSK con prensa y gripper\" width=\"453\" height=\"232\" srcset=\"https:\/\/techdesign.com.ec\/techw\/wp-content\/uploads\/2016\/02\/brazo-robot-GSK-con-prensa-y-gripper.png 453w, https:\/\/techdesign.com.ec\/techw\/wp-content\/uploads\/2016\/02\/brazo-robot-GSK-con-prensa-y-gripper-300x154.png 300w\" sizes=\"auto, (max-width: 453px) 100vw, 453px\" \/><\/a><\/p>\n<p>En la actualidad nuevos procesos industriales y de automatizaci\u00f3n es un reto, ya que el costo de implementaci\u00f3n es alto y un error puede costar p\u00e9rdida de tiempo y dinero. Las disciplinas Mec\u00e1nica, Electr\u00f3nica y Control han sido muy dif\u00edciles de conectar al momento de dise\u00f1ar ya que se usan varios programas de simulaci\u00f3n&#8230;&#8230;. <a href=\"https:\/\/techdesign.com.ec\/techw\/como-pueden-los-ingenieros-solucionar-problemas-mecanicos-junto-a-controles-electronicos-en-estos-dias\/\">VER MAS<\/a><\/p>\n<h2>El Mundo del <a href=\"https:\/\/techdesign.com.ec\/techw\/nx\/\">CAD CAM CAE<\/a><\/h2>\n<p>Desde a\u00f1os atr\u00e1s, las necesidades que vienen manifest\u00e1ndose en las industrias nacionales han exigido la implementaci\u00f3n de nuevos y mejorados m\u00e9todos, que permitan a los ingenieros y dise\u00f1adores potenciar, optimizar y elevar\u00a0 la calidad en los procesos de<strong><em> dise\u00f1o, manufactura<\/em><\/strong> y estudio de cualquier tipo de piezas o productos que son altamente requeridos en las<em> industrias aeroespaciales, automotriz, dispositivos m\u00e9dicos, maquinarias, pl\u00e1stico<\/em>s etc.<\/p>\n<p>Esto ha dado espacio al uso de m\u00e9todos que est\u00e9n vinculados con la tecnolog\u00eda actual y que permitan el uso de ordenadores, facilitando la tarea de los dise\u00f1adores en crear innovadoras y <em><strong>complejas piezas<\/strong><\/em> en el menor tiempo posible, a partir de aqu\u00ed es donde el mundo del <a href=\"https:\/\/techdesign.com.ec\/techw\/nx\/\">CAD CAM CAE<\/a> juega un importante rol.<\/p>\n<p><img loading=\"lazy\" decoding=\"async\" class=\"alignnone size-full wp-image-1270 img-responsive\" src=\"https:\/\/techdesign.com.ec\/techw\/wp-content\/uploads\/2016\/02\/nx10.jpg\" alt=\"nx10\" width=\"391\" height=\"203\" srcset=\"https:\/\/techdesign.com.ec\/techw\/wp-content\/uploads\/2016\/02\/nx10.jpg 391w, https:\/\/techdesign.com.ec\/techw\/wp-content\/uploads\/2016\/02\/nx10-300x156.jpg 300w\" sizes=\"auto, (max-width: 391px) 100vw, 391px\" \/><\/p>\n<p><strong>Lo com\u00fan del CAD CAM CAE<\/strong><\/p>\n<p>Como se podr\u00e1 notar las siglas <a href=\"https:\/\/techdesign.com.ec\/techw\/nx\/\">CAD CAM CAE<\/a> comparten dos letras iguales \u201cCA\u201d dichas letras vienen de la abreviatura \u201c<em>Computer-Aided o Asistido por Computadora<\/em>\u201d. <a href=\"https:\/\/techdesign.com.ec\/techw\/el-mundo-del-cad-cam-cae\/\">VER MAS<\/a><\/p>\n<p>&nbsp;<\/p>\n<h1 class=\"entry-title\">Re-potenciaci\u00f3n de una Guillotina para cortar papel, Polar para corte de papel usando Servomotores AC<\/h1>\n<p>&nbsp;<\/p>\n<div class=\"entry-content article\">\n<p><a href=\"https:\/\/techdesign.com.ec\/techw\/servomotores-ac-gsk-xinje-siemens-mitsubishi-yaskawa\/\"><img loading=\"lazy\" decoding=\"async\" class=\"alignnone size-full wp-image-1181 img-responsive\" src=\"https:\/\/techdesign.com.ec\/techw\/wp-content\/uploads\/2016\/02\/re_potenciaci%C3%B3n_guillotina_polar_usando_servomotores.jpg\" alt=\"re_potenciaci\u00f3n_guillotina_polar_usando_servomotores\" width=\"378\" height=\"284\" \/><\/a><\/p>\n<p>Para aquellas personas, t\u00e9cnicos e <a href=\"https:\/\/techdesign.com.ec\/techw\/servomotores-ac-gsk-xinje-siemens-mitsubishi-yaskawa\/\">ingenieros<\/a> interesados en la mediana y grande industria del papel donde es importante contar con la precisi\u00f3n y rapidez en las l\u00edneas de producci\u00f3n, especialmente en la etapa de impresi\u00f3n y corte&#8230;. <a href=\"https:\/\/techdesign.com.ec\/techw\/re-potenciacion-de-una-guillotina-polar-usando-servomotores-ac\/\">VER MAS<\/a><\/p>\n<\/div>\n<p>&nbsp;<\/p>\n<h1 class=\"entry-title\">Simulaci\u00f3n de inyecci\u00f3n de pl\u00e1stico con NX EasyFill<\/h1>\n<p>&nbsp;<\/p>\n<div class=\"entry-content article\">\n<p>NX tiene el modulo EasyFill para <strong><em>simulaci\u00f3n de inyecci\u00f3n de pl\u00e1stico<\/em><\/strong> donde se verifica el punto de inyecci\u00f3n, atrapamiento de burbujas, puntos fr\u00edos y calientes, etc<\/p>\n<p><img loading=\"lazy\" decoding=\"async\" class=\"alignnone size-full wp-image-1624 img-responsive\" src=\"https:\/\/techdesign.com.ec\/techw\/wp-content\/uploads\/2016\/03\/NX_easy_fill_simulacion-de-inyeccion.jpg\" alt=\"NX_easy_fill_simulacion de inyeccion\" width=\"1050\" height=\"357\" srcset=\"https:\/\/techdesign.com.ec\/techw\/wp-content\/uploads\/2016\/03\/NX_easy_fill_simulacion-de-inyeccion.jpg 1050w, https:\/\/techdesign.com.ec\/techw\/wp-content\/uploads\/2016\/03\/NX_easy_fill_simulacion-de-inyeccion-300x102.jpg 300w, https:\/\/techdesign.com.ec\/techw\/wp-content\/uploads\/2016\/03\/NX_easy_fill_simulacion-de-inyeccion-1024x348.jpg 1024w\" sizes=\"auto, (max-width: 1050px) 100vw, 1050px\" \/><\/p>\n<p>NX Easy Fill, es un sistema completo de An\u00e1lisis de llenado en inyecci\u00f3n de pl\u00e1stico, impulsado por Moldex3D, es una herramienta de simulaci\u00f3n integrada para que los dise\u00f1adores puedan analizar el<em>dise\u00f1o de piezas de pl\u00e1stico<\/em> para moldeabilidad\u00a0durante la etapa temprana del proceso de desarrollo del producto&#8230;&#8230;. <a href=\"https:\/\/techdesign.com.ec\/techw\/simulacion-de-inyeccion-de-plastico-con-nx-easyfill\/\">VER MAS<\/a><\/p>\n<\/div>\n<p>&nbsp;<\/p>\n<h2>Integraci\u00f3n del dise\u00f1o de CAD CAM CAE<\/h2>\n<p>Optimizaci\u00f3n del dise\u00f1o a trav\u00e9s de herramientas de alta eficiencia como: Solid Edge, NX, Tecnomatix, Teamcenter de Siemens PLM.<\/p>\n<h3>Redefiniendo la productividad del dise\u00f1o de productos<\/h3>\n<p style=\"text-align: justify;\">Adicionalmente al soporte de HD-PLM, NX 7 contiene abundantes funcionalidades nuevas y mejoras que redefinen la productividad en el desarrollo de productos.\u00a0 Las mejoras en NX 7 dentro de sus estrechamente integradas aplicaciones CAD incluyen herramientas de dise\u00f1o r\u00e1pido tal como la creaci\u00f3n simplificada de bocetos, extensi\u00f3n de synchronous technology para transformar el modelaje de libre forma y nuevas herramientas DraftingPlus para mejorar dram\u00e1ticamente el dise\u00f1o 2D y los bocetos&#8230;.. <a href=\"https:\/\/techdesign.com.ec\/techw\/integracion-del-diseno-de-cad-cam-cae\/\">VER MAS<\/a><\/p>\n","protected":false},"excerpt":{"rendered":"<p>Qu\u00e9 es Automatizaci\u00f3n Industrial La Automatizaci\u00f3n Industrial es la aplicaci\u00f3n de sistemas o elementos computarizados y electromec\u00e1nicos para controlar y monitorear un proceso, maquina o dispositivo que por lo regular cumple funciones o tareas repetitivas, haciendo que opere autom\u00e1ticamente, reduciendo al m\u00ednimo la intervenci\u00f3n humana. Lo que se busca con la Automatizaci\u00f3n industrial es generar [&hellip;]<\/p>\n","protected":false},"author":1,"featured_media":0,"parent":0,"menu_order":0,"comment_status":"open","ping_status":"open","template":"automatizacion.php","meta":{"footnotes":""},"class_list":["post-1641","page","type-page","status-publish","hentry"],"yoast_head":"<!-- This site is optimized with the Yoast SEO plugin v27.4 - https:\/\/yoast.com\/product\/yoast-seo-wordpress\/ -->\n<title>BLOG FOROS - TechDesign - Automatizaci&oacute;n, PLCs CAD CAM CNC servomotores robots Cursos<\/title>\n<meta name=\"robots\" content=\"index, follow, max-snippet:-1, max-image-preview:large, max-video-preview:-1\" \/>\n<link rel=\"canonical\" href=\"https:\/\/techdesign.com.ec\/techw\/blog-foros\/\" \/>\n<meta property=\"og:locale\" content=\"es_ES\" \/>\n<meta property=\"og:type\" content=\"article\" \/>\n<meta property=\"og:title\" content=\"BLOG FOROS - TechDesign - Automatizaci&oacute;n, PLCs CAD CAM CNC servomotores robots Cursos\" \/>\n<meta property=\"og:description\" content=\"Qu\u00e9 es Automatizaci\u00f3n Industrial La Automatizaci\u00f3n Industrial es la aplicaci\u00f3n de sistemas o elementos computarizados y electromec\u00e1nicos para controlar y monitorear un proceso, maquina o dispositivo que por lo regular cumple funciones o tareas repetitivas, haciendo que opere autom\u00e1ticamente, reduciendo al m\u00ednimo la intervenci\u00f3n humana. Lo que se busca con la Automatizaci\u00f3n industrial es generar [&hellip;]\" \/>\n<meta property=\"og:url\" content=\"https:\/\/techdesign.com.ec\/techw\/blog-foros\/\" \/>\n<meta property=\"og:site_name\" content=\"TechDesign - Automatizaci&oacute;n, PLCs CAD CAM CNC servomotores robots Cursos\" \/>\n<meta property=\"article:modified_time\" content=\"2016-03-19T04:18:09+00:00\" \/>\n<meta property=\"og:image\" content=\"https:\/\/techdesign.com.ec\/techw\/wp-content\/uploads\/2016\/02\/brazo-robot-GSK-con-prensa-y-gripper.png\" \/>\n\t<meta property=\"og:image:width\" content=\"453\" \/>\n\t<meta property=\"og:image:height\" content=\"232\" \/>\n\t<meta property=\"og:image:type\" content=\"image\/png\" \/>\n<meta name=\"twitter:card\" content=\"summary_large_image\" \/>\n<meta name=\"twitter:label1\" content=\"Tiempo de lectura\" \/>\n\t<meta name=\"twitter:data1\" content=\"3 minutos\" \/>\n<script type=\"application\/ld+json\" class=\"yoast-schema-graph\">{\"@context\":\"https:\\\/\\\/schema.org\",\"@graph\":[{\"@type\":\"WebPage\",\"@id\":\"https:\\\/\\\/techdesign.com.ec\\\/techw\\\/blog-foros\\\/\",\"url\":\"https:\\\/\\\/techdesign.com.ec\\\/techw\\\/blog-foros\\\/\",\"name\":\"BLOG FOROS - TechDesign - Automatizaci&oacute;n, PLCs CAD CAM CNC servomotores robots Cursos\",\"isPartOf\":{\"@id\":\"https:\\\/\\\/techdesign.com.ec\\\/techw\\\/#website\"},\"primaryImageOfPage\":{\"@id\":\"https:\\\/\\\/techdesign.com.ec\\\/techw\\\/blog-foros\\\/#primaryimage\"},\"image\":{\"@id\":\"https:\\\/\\\/techdesign.com.ec\\\/techw\\\/blog-foros\\\/#primaryimage\"},\"thumbnailUrl\":\"https:\\\/\\\/techdesign.com.ec\\\/techw\\\/wp-content\\\/uploads\\\/2016\\\/02\\\/brazo-robot-GSK-con-prensa-y-gripper.png\",\"datePublished\":\"2016-03-19T04:14:35+00:00\",\"dateModified\":\"2016-03-19T04:18:09+00:00\",\"breadcrumb\":{\"@id\":\"https:\\\/\\\/techdesign.com.ec\\\/techw\\\/blog-foros\\\/#breadcrumb\"},\"inLanguage\":\"es\",\"potentialAction\":[{\"@type\":\"ReadAction\",\"target\":[\"https:\\\/\\\/techdesign.com.ec\\\/techw\\\/blog-foros\\\/\"]}]},{\"@type\":\"ImageObject\",\"inLanguage\":\"es\",\"@id\":\"https:\\\/\\\/techdesign.com.ec\\\/techw\\\/blog-foros\\\/#primaryimage\",\"url\":\"https:\\\/\\\/techdesign.com.ec\\\/techw\\\/wp-content\\\/uploads\\\/2016\\\/02\\\/brazo-robot-GSK-con-prensa-y-gripper.png\",\"contentUrl\":\"https:\\\/\\\/techdesign.com.ec\\\/techw\\\/wp-content\\\/uploads\\\/2016\\\/02\\\/brazo-robot-GSK-con-prensa-y-gripper.png\"},{\"@type\":\"BreadcrumbList\",\"@id\":\"https:\\\/\\\/techdesign.com.ec\\\/techw\\\/blog-foros\\\/#breadcrumb\",\"itemListElement\":[{\"@type\":\"ListItem\",\"position\":1,\"name\":\"Portada\",\"item\":\"https:\\\/\\\/techdesign.com.ec\\\/techw\\\/\"},{\"@type\":\"ListItem\",\"position\":2,\"name\":\"BLOG FOROS\"}]},{\"@type\":\"WebSite\",\"@id\":\"https:\\\/\\\/techdesign.com.ec\\\/techw\\\/#website\",\"url\":\"https:\\\/\\\/techdesign.com.ec\\\/techw\\\/\",\"name\":\"TechDesign - Automatizaci&oacute;n, PLCs CAD CAM CNC servomotores robots Cursos\",\"description\":\"Automatizaci&oacute;n y Optimizaci&oacute;n de Procesos Industriales, ingenier&iacute;a mecatr&oacute;nica, cad cam cae cnc\",\"publisher\":{\"@id\":\"https:\\\/\\\/techdesign.com.ec\\\/techw\\\/#organization\"},\"potentialAction\":[{\"@type\":\"SearchAction\",\"target\":{\"@type\":\"EntryPoint\",\"urlTemplate\":\"https:\\\/\\\/techdesign.com.ec\\\/techw\\\/?s={search_term_string}\"},\"query-input\":{\"@type\":\"PropertyValueSpecification\",\"valueRequired\":true,\"valueName\":\"search_term_string\"}}],\"inLanguage\":\"es\"},{\"@type\":\"Organization\",\"@id\":\"https:\\\/\\\/techdesign.com.ec\\\/techw\\\/#organization\",\"name\":\"TechDesign - Automatizaci&oacute;n, PLCs CAD CAM CNC servomotores robots Cursos\",\"url\":\"https:\\\/\\\/techdesign.com.ec\\\/techw\\\/\",\"logo\":{\"@type\":\"ImageObject\",\"inLanguage\":\"es\",\"@id\":\"https:\\\/\\\/techdesign.com.ec\\\/techw\\\/#\\\/schema\\\/logo\\\/image\\\/\",\"url\":\"https:\\\/\\\/techdesign.com.ec\\\/techw\\\/wp-content\\\/uploads\\\/2020\\\/01\\\/Logo-TechDesign_new500.png\",\"contentUrl\":\"https:\\\/\\\/techdesign.com.ec\\\/techw\\\/wp-content\\\/uploads\\\/2020\\\/01\\\/Logo-TechDesign_new500.png\",\"width\":515,\"height\":237,\"caption\":\"TechDesign - Automatizaci&oacute;n, PLCs CAD CAM CNC servomotores robots Cursos\"},\"image\":{\"@id\":\"https:\\\/\\\/techdesign.com.ec\\\/techw\\\/#\\\/schema\\\/logo\\\/image\\\/\"}}]}<\/script>\n<!-- \/ Yoast SEO plugin. -->","yoast_head_json":{"title":"BLOG FOROS - TechDesign - Automatizaci&oacute;n, PLCs CAD CAM CNC servomotores robots Cursos","robots":{"index":"index","follow":"follow","max-snippet":"max-snippet:-1","max-image-preview":"max-image-preview:large","max-video-preview":"max-video-preview:-1"},"canonical":"https:\/\/techdesign.com.ec\/techw\/blog-foros\/","og_locale":"es_ES","og_type":"article","og_title":"BLOG FOROS - TechDesign - Automatizaci&oacute;n, PLCs CAD CAM CNC servomotores robots Cursos","og_description":"Qu\u00e9 es Automatizaci\u00f3n Industrial La Automatizaci\u00f3n Industrial es la aplicaci\u00f3n de sistemas o elementos computarizados y electromec\u00e1nicos para controlar y monitorear un proceso, maquina o dispositivo que por lo regular cumple funciones o tareas repetitivas, haciendo que opere autom\u00e1ticamente, reduciendo al m\u00ednimo la intervenci\u00f3n humana. Lo que se busca con la Automatizaci\u00f3n industrial es generar [&hellip;]","og_url":"https:\/\/techdesign.com.ec\/techw\/blog-foros\/","og_site_name":"TechDesign - Automatizaci&oacute;n, PLCs CAD CAM CNC servomotores robots Cursos","article_modified_time":"2016-03-19T04:18:09+00:00","og_image":[{"width":453,"height":232,"url":"https:\/\/techdesign.com.ec\/techw\/wp-content\/uploads\/2016\/02\/brazo-robot-GSK-con-prensa-y-gripper.png","type":"image\/png"}],"twitter_card":"summary_large_image","twitter_misc":{"Tiempo de lectura":"3 minutos"},"schema":{"@context":"https:\/\/schema.org","@graph":[{"@type":"WebPage","@id":"https:\/\/techdesign.com.ec\/techw\/blog-foros\/","url":"https:\/\/techdesign.com.ec\/techw\/blog-foros\/","name":"BLOG FOROS - TechDesign - Automatizaci&oacute;n, PLCs CAD CAM CNC servomotores robots Cursos","isPartOf":{"@id":"https:\/\/techdesign.com.ec\/techw\/#website"},"primaryImageOfPage":{"@id":"https:\/\/techdesign.com.ec\/techw\/blog-foros\/#primaryimage"},"image":{"@id":"https:\/\/techdesign.com.ec\/techw\/blog-foros\/#primaryimage"},"thumbnailUrl":"https:\/\/techdesign.com.ec\/techw\/wp-content\/uploads\/2016\/02\/brazo-robot-GSK-con-prensa-y-gripper.png","datePublished":"2016-03-19T04:14:35+00:00","dateModified":"2016-03-19T04:18:09+00:00","breadcrumb":{"@id":"https:\/\/techdesign.com.ec\/techw\/blog-foros\/#breadcrumb"},"inLanguage":"es","potentialAction":[{"@type":"ReadAction","target":["https:\/\/techdesign.com.ec\/techw\/blog-foros\/"]}]},{"@type":"ImageObject","inLanguage":"es","@id":"https:\/\/techdesign.com.ec\/techw\/blog-foros\/#primaryimage","url":"https:\/\/techdesign.com.ec\/techw\/wp-content\/uploads\/2016\/02\/brazo-robot-GSK-con-prensa-y-gripper.png","contentUrl":"https:\/\/techdesign.com.ec\/techw\/wp-content\/uploads\/2016\/02\/brazo-robot-GSK-con-prensa-y-gripper.png"},{"@type":"BreadcrumbList","@id":"https:\/\/techdesign.com.ec\/techw\/blog-foros\/#breadcrumb","itemListElement":[{"@type":"ListItem","position":1,"name":"Portada","item":"https:\/\/techdesign.com.ec\/techw\/"},{"@type":"ListItem","position":2,"name":"BLOG FOROS"}]},{"@type":"WebSite","@id":"https:\/\/techdesign.com.ec\/techw\/#website","url":"https:\/\/techdesign.com.ec\/techw\/","name":"TechDesign - Automatizaci&oacute;n, PLCs CAD CAM CNC servomotores robots Cursos","description":"Automatizaci&oacute;n y Optimizaci&oacute;n de Procesos Industriales, ingenier&iacute;a mecatr&oacute;nica, cad cam cae cnc","publisher":{"@id":"https:\/\/techdesign.com.ec\/techw\/#organization"},"potentialAction":[{"@type":"SearchAction","target":{"@type":"EntryPoint","urlTemplate":"https:\/\/techdesign.com.ec\/techw\/?s={search_term_string}"},"query-input":{"@type":"PropertyValueSpecification","valueRequired":true,"valueName":"search_term_string"}}],"inLanguage":"es"},{"@type":"Organization","@id":"https:\/\/techdesign.com.ec\/techw\/#organization","name":"TechDesign - Automatizaci&oacute;n, PLCs CAD CAM CNC servomotores robots Cursos","url":"https:\/\/techdesign.com.ec\/techw\/","logo":{"@type":"ImageObject","inLanguage":"es","@id":"https:\/\/techdesign.com.ec\/techw\/#\/schema\/logo\/image\/","url":"https:\/\/techdesign.com.ec\/techw\/wp-content\/uploads\/2020\/01\/Logo-TechDesign_new500.png","contentUrl":"https:\/\/techdesign.com.ec\/techw\/wp-content\/uploads\/2020\/01\/Logo-TechDesign_new500.png","width":515,"height":237,"caption":"TechDesign - Automatizaci&oacute;n, PLCs CAD CAM CNC servomotores robots Cursos"},"image":{"@id":"https:\/\/techdesign.com.ec\/techw\/#\/schema\/logo\/image\/"}}]}},"_links":{"self":[{"href":"https:\/\/techdesign.com.ec\/techw\/wp-json\/wp\/v2\/pages\/1641","targetHints":{"allow":["GET"]}}],"collection":[{"href":"https:\/\/techdesign.com.ec\/techw\/wp-json\/wp\/v2\/pages"}],"about":[{"href":"https:\/\/techdesign.com.ec\/techw\/wp-json\/wp\/v2\/types\/page"}],"author":[{"embeddable":true,"href":"https:\/\/techdesign.com.ec\/techw\/wp-json\/wp\/v2\/users\/1"}],"replies":[{"embeddable":true,"href":"https:\/\/techdesign.com.ec\/techw\/wp-json\/wp\/v2\/comments?post=1641"}],"version-history":[{"count":0,"href":"https:\/\/techdesign.com.ec\/techw\/wp-json\/wp\/v2\/pages\/1641\/revisions"}],"wp:attachment":[{"href":"https:\/\/techdesign.com.ec\/techw\/wp-json\/wp\/v2\/media?parent=1641"}],"curies":[{"name":"wp","href":"https:\/\/api.w.org\/{rel}","templated":true}]}}